93. Is d a prime number?
True
Let r(z) = -14*z**3 + 8*z**2 - 15*z - 58. Is r(-9) prime?
False
Suppose 0 = -11*z + 6*z + 20065. Let j = -1940 + z. Is j prime?
False
Is 6*6038/(-3)*(-39)/52 prime?
False
Let s(o) = -233*o - 1. Let w be s(-2). Let i(z) = 2*z**3 + 15*z**2 + 6*z - 7. Let p be i(-7). Suppose p = 6*f - 3*f - w. Is f a prime number?
False
Let z(l) = 8*l + 3. Let j = -32 - -36. Suppose j*c - 9 = -5*u + 16, -4*c + 4*u = -52. Is z(c) composite?
False
Suppose -267 - 504 = -3*u. Let w = 459 - u. Suppose -597 = -5*k - w. Is k a prime number?
True
Let n = 238 - 342. Let a = n - -238. Is a prime?
False
Suppose -4*u + 12*u - 81488 = 0. Suppose 4*s - 9580 = 4*w, 3*s + 2*w + 3011 = u. Is s a prime number?
True
Is 40780/8*66/55 prime?
False
Suppose 4*j - 15 = 5*j. Let q(a) = -a - 16. Let g be q(j). Is (-2 - -3)/(g/(-191)) a prime number?
True
Let y be -1 - (-2 + (0 - 1)). Suppose 170 = y*h - 16. Suppose k - 3*q = 95, k - 3*q + q = h. Is k a prime number?
True
Is -6 + (5074 - (5 + (-30)/5)) a composite number?
True
Let i = 198126 - 118763. Is i composite?
True
Is 9/81 + 22372/18 a composite number?
True
Let b be 0 + (1/(-2))/(6/(-28140)). Suppose -1276 = -3*q + b. Is q a prime number?
False
Let y(f) = 8*f**2 + f - 18. Let v be y(-6). Suppose q - v = -59. Is q a composite number?
True
Let n = 9 - 0. Let i = n + -6. Suppose 52 = i*j - 5*w, 14 = j + w - 2*w. Is j composite?
True
Let d be 9 + (12/4 - 2). Suppose -p + 97 + 230 = -5*v, -5*v = d. Is p a composite number?
False
Suppose 15 = 2*m + 1. Let c = 10 - m. Suppose -3*y + 448 = 3*d - 260, c*d + y - 702 = 0. Is d composite?
False
Let t(k) = 493*k**3 - 4*k**2 + 19*k - 17. Is t(5) composite?
False
Let t be (0 - 1)*(-20)/4. Let o be t/(10/(-6)) + 8. Suppose 785 = o*b - 470. Is b a prime number?
True
Suppose 34969 = 7*j - 53266. Is j a composite number?
True
Let s be -2 - (-2 + (-7)/((-7)/4)). Is (-481)/s*((-14)/(-2) - 3) composite?
True
Let x(q) = 2*q + 5. Let n be x(4). Let s(d) = 9*d**2 + 2*d + 9. Let b(v) = 5*v**2 + v + 4. Let a(p) = n*b(p) - 6*s(p). Is a(1) a prime number?
False
Suppose -2*a - l = -727, -3*a + 2*l + 1073 = -0*l. Suppose -4*i = -i - 4*b - 277, -3*b + a = 4*i. Is i a prime number?
False
Let i = -278 - -192. Let g(r) = 19*r - 19. Let z be g(10). Let w = i + z. Is w a composite number?
True
Suppose 17*i = 21*i - 8732. Is i a prime number?
False
Suppose j - 2*y = 2796, 2*j - j = y + 2797. Is j prime?
False
Let u(l) = 6276*l + 2. Let a be u(-1). Is 2/(-15) + a/(-30) prime?
False
Let q be (-1)/(3/(1*-15)). Let f = -227 + 332. Is (798/f)/(2/q) composite?
False
Suppose 0 = -53*d + 51*d + 10. Suppose -517 = -d*g + 1468. Is g a composite number?
False
Let i = 6 - 5. Suppose 2*s + 4*h + 32 = 0, 4*h = -19 - i. Is 6/4*(-56)/s a prime number?
False
Suppose 2*m = 8, -28*y = -32*y - 5*m + 7128. Is y prime?
True
Suppose 3404 = u - 11187. Is u prime?
True
Let l(r) = r**2 + 9*r + 3. Is l(8) composite?
False
Suppose 10*u = 7*u + 3. Let y(k) = 70*k**3 - k. Is y(u) prime?
False
Suppose 2*c - z = 8, -3*c - 5*z = -3*z - 5. Suppose c*b + 2*y + 2 - 23 = 0, -3*y = -5*b + 16. Suppose -b*j = -j - 1660. Is j a prime number?
False
Let i be -10*((-4)/16)/((-15)/(-48)). Is (3678/i)/(((-3)/(-8))/1) prime?
False
Suppose -3*j = -3*s + s - 38, 3*j - 50 = -4*s. Let n(g) = 5*g + 13. Let p be n(j). Let w = 66 + p. Is w a composite number?
False
Let d = -18 + 31. Let k be (-1)/((52/(-24))/d). Is 2*k/4 - -56 composite?
False
Let q(t) = -t**2 + 14*t + 4. Let j be q(15). Let w be (-14874)/j - (-4)/(-22). Is 3/(-2)*w/(-12) composite?
True
Let n(b) = -1 + 4 + 2 - 106*b. Let f be (-11)/2 + (-16)/32. Is n(f) a composite number?
False
Let z = -61 + -38. Let t = -38 - z. Suppose 5*a = 2*a + 4*s + t, 96 = 4*a + 2*s. Is a composite?
False
Let i be 1 + 2 + 1 + -3. Suppose 3*y = 2*y + i. Is (-9 - 749)/(-2*y) a composite number?
False
Let w be -4*(1 - 12/8). Suppose i + v - 356 = -0*i, 0 = w*i + 3*v - 710. Let m = i - 236. Is m a composite number?
True
Suppose 4*q + 24838 = 2*t, -5*q = -q + 3*t + 24823. Let c = 9645 + q. Is c a composite number?
True
Let h = 3943 - 2694. Is h prime?
True
Let s(w) = -2*w - 4. Let a be s(-2). Suppose m + 5 + 3 = a. Let i(k) = -k**3 - 7*k**2 - k + 5. Is i(m) composite?
True
Let a be 1 + -1 + (-2527)/7. Let q = a + 194. Let s = -88 - q. Is s prime?
True
Let r(s) = 0*s**2 - 8 + 2 + s**2 - 10 - 15*s. Let a be r(16). Suppose -5*g = 3*m - 0*m - 2051, a = -2*m - 5*g + 1374. Is m composite?
False
Let s(x) = -26*x - 145. Is s(-9) composite?
False
Let u = 6682 + -4253. Is u prime?
False
Let a(k) be the second derivative of -20*k**3/3 + 11*k**2/2 + 9*k. Is a(-5) prime?
True
Let s = 57 - 39. Let g(m) = m**2 - 16*m - 22. Let a be g(s). Is 4742/a + 22/77 composite?
True
Let a be 28/(-8)*(-20)/14. Suppose 0 = 3*d + a*d - 6472. Is d composite?
False
Let f = 122 - -757. Is f a composite number?
True
Is -2 + 3 - 273*-52 composite?
False
Let j(u) = u - 43. Let f(s) = -14. Let y = 10 + -2. Let m(t) = y*f(t) - 3*j(t). Is m(-14) prime?
True
Let c = -27 - -29. Suppose -4*d = -4*f - 1768, -d + 430 = -6*f + c*f. Is d prime?
False
Let m(z) = z - 9. Let h be m(-6). Is ((-1126)/(-5))/((3/h)/(-1)) prime?
False
Is 1/4*-4*-5461 a prime number?
False
Let n = 21 - 16. Suppose 3*i - n*z = 1625, 2*z + 0 = -8. Is i a prime number?
False
Let v(n) = n**2 - 5*n + 7. Let f be v(3). Let h be (-4 - -2) + 1/f. Is (1394 - -8)*h/(-2) a prime number?
True
Let n be 4/(-6)*(-33)/2. Let d = 37 + n. Suppose 4*o + 3*g = 5*g + d, -3*g + 27 = 3*o. Is o a prime number?
True
Let p(j) = -j + 1. Let b be p(-2). Suppose -g = -b*l - 2*l - 19, 4 = -l. Is (384 - g - 3)/2 a composite number?
False
Suppose 0 = 2*h - 3429 + 467. Is h a prime number?
True
Let d(y) = -5*y**3 + 7*y**2 - 2*y + 97. Is d(-9) prime?
True
Is 1011/(-6)*(8 + -42) a composite number?
True
Let b = 2067 - 856. Is b a prime number?
False
Let i = -31584 - -45955. Is i prime?
False
Let w(f) be the second derivative of f**5/20 + 11*f**4/12 + 11*f**3/6 + 2*f**2 + 4*f. Let o be w(-10). Is (-4 - o)*(-59)/(-2) composite?
False
Let f(s) = -12*s**2 + 11*s**2 - 12*s + 29*s**3 + 10*s + 212*s**3 + 3. Is f(2) a composite number?
True
Suppose 5*h - 6 = -1. Let m(o) = h + 1 + 6 + o - 2. Is m(-3) prime?
True
Suppose -4*b - 16 = -0*b. Let y be (-13 - -15)*2/b. Is (-3 - -2) + y + 705 composite?
True
Let j be ((-12)/2)/((-9)/(-12)). Let a = j + 9. Suppose k - 34 = -a. Is k a prime number?
False
Let v(s) = -s**2 - 72*s - 43. Is v(-38) composite?
False
Suppose -8*k + 0*k + 5304 = 0. Let o = -110 + k. Is o a prime number?
False
Let z(m) be the second derivative of 333*m**5/20 - m**4/4 + m**3/3 - m**2/2 + 28*m. Is z(1) a prime number?
True
Let o = 2529 - 1637. Suppose -3*h = -h - o. Is h a composite number?
True
Suppose 2*a - 3 = 1. Suppose -a*j = j - 1002. Suppose 0 = -3*n - 4*o + j, n + 138 = 2*n - 4*o. Is n prime?
False
Let j = -15009 + 30459. Suppose -2*a - 3*w + j = a, -w - 5156 = -a. Is a prime?
True
Suppose -4*n - t + 3903 = 730, -3*t = -n + 790. Suppose n = -5*o + 5328. Is o a prime number?
True
Let p = 4 + -1. Suppose -4*s + k - p*k + 26 = 0, 2*k - 1 = s. Suppose -5*t + 69 = n, -s*n = -5*t - 195 - 210. Is n prime?
True
Let k(y) = 939*y - 155. Is k(12) a prime number?
True
Suppose -17*a - 33085 = -22*a. Is a a composite number?
True
Let h = 4 - 2. Suppose h*l + 913 = f, 2*f - 47 = 5*l + 1776. Is f a prime number?
True
Let x = 10851 - 5798. Is x a composite number?
True
Let w = 1 + -1. Suppose w = -3*y + 3*n + 12, 5*n = -4*y - 5 + 21. Suppose 0 = h + h - 3*l - 38, -y*h + 86 = -l. Is h prime?
False
Let u = -57 + -36. Let t = u - -179. Suppose -c - 3*d = -t, -3*d + 233 = 3*c + d. Is c prime?
True
Suppose 40*u = 2*x + 38*u - 78510, -5*x = -4*u - 196273. Is x composite?
True
Is -3*(-4)/(-42)*(-6040 - 1) a prime number?
False
Let k(m) = -413*m**3 - 22*m - 34. Is k(-3) prime?
False
Let u = 10 - -22. Let x(t) = t**2 + 5*t + 4. Let y be x(-5). Suppose -y*k + 116 = -u. Is k composite?
False
Let h(s) = -s**3 + 4*s**2 - 5. Let n be h(5). Let x = 191 + n. Suppose 2*t + 3 = x. Is t a prime number?
True
Let c be (36/(-24))/(3/76300). Let l(z) = 5*z + 2. Let b be l(0). Is b/(-7) + c/(-98) a prime number?
True
Suppose 3*g = -3*z + 459, -z + 2*z - 156 = 2*g. Suppose -2*b = -36 - z. Suppose 5*n - r + b - 762 = 0, -2*r - 403 = 